 (base 2) to base 16.
-3
What is 0 (base 3) in base 10?
0
What is -3 (base 6) in base 12?
-3
What is 20 (base 3) in base 16?
6
What is 25 (base 8) in base 16?
15
Convert -9 (base 15) to base 2.
-1001
What is -3 (base 9) in base 6?
-3
-3 (base 5) to base 8
-3
c (base 16) to base 6
20
Convert -3 (base 12) to base 16.
-3
-15 (base 6) to base 10
-11
Convert -20 (base 7) to base 3.
-112
What is 23 (base 4) in base 7?
14
What is 19 (base 11) in base 16?
14
What is -2 (base 5) in base 8?
-2
-2 (base 15) to base 8
-2
-10112 (base 3) to base 7
-164
What is 1011001 (base 2) in base 11?
81
Convert -3 (base 7) to base 3.
-10
Convert -7 (base 12) to base 13.
-7
Convert -55 (base 6) to base 14.
-27
c (base 16) to base 15
c
What is 2 (base 15) in base 5?
2
-79 (base 16) to base 3
-11111
0 (base 13) to base 9
0
What is 0 (base 2) in base 15?
0
Convert -16 (base 7) to base 11.
-12
-12 (base 6) to base 13
-8
3 (base 8) to base 4
3
What is 4 (base 13) in base 14?
4
What is 0 (base 11) in base 4?
0
What is -10 (base 4) in base 11?
-4
-1 (base 7) to base 11
-1
What is -5 (base 13) in base 15?
-5
11010 (base 2) to base 15
1b
Convert 323 (base 7) to base 13.
c8
Convert -6 (base 14) to base 12.
-6
Convert -6 (base 15) to base 13.
-6
What is 2 (base 4) in base 6?
2
-18 (base 13) to base 3
-210
Convert 15 (base 8) to base 11.
12
-23 (base 6) to base 12
-13
What is -6 (base 14) in base 4?
-12
1 (base 9) to base 15
1
What is 0 (base 3) in base 2?
0
Convert 10 (base 9) to base 15.
9
Convert 10101 (base 2) to base 7.
30
What is 11 (base 2) in base 16?
3
Convert 50 (base 12) to base 6.
140
What is 14 (base 9) in base 13?
10
Convert -4 (base 14) to base 4.
-10
What is 6 (base 9) in base 10?
6
433 (base 5) to base 9
141
What is -2 (base 16) in base 2?
-10
What is -4 (base 14) in base 9?
-4
Convert 66 (base 7) to base 8.
60
What is 32 (base 8) in base 7?
35
12 (base 10) to base 3
110
Convert 122 (base 3) to base 4.
101
Convert -18 (base 9) to base 3.
-122
What is 110 (base 5) in base 13?
24
What is 1 (base 10) in base 9?
1
3 (base 14) to base 15
3
What is -1101 (base 2) in base 7?
-16
What is -2 (base 16) in base 8?
-2
What is -4 (base 13) in base 6?
-4
What is -55 (base 10) in base 8?
-67
What is -110 (base 16) in base 9?
-332
Convert 100 (base 2) to base 12.
4
What is 9 (base 13) in base 2?
1001
What is -6d (base 15) in base 2?
-1100111
Convert -4 (base 5) to base 2.
-100
-a (base 16) to base 11
-a
What is 206 (base 7) in base 14?
76
What is -45 (base 15) in base 9?
-72
2 (base 7) to base 6
2
c (base 13) to base 12
10
What is 4 (base 10) in base 5?
4
135 (base 10) to base 12
b3
Convert 6 (base 10) to base 9.
6
Convert 1104 (base 5) to base 15.
a4
4 (base 8) to base 9
4
What is -232 (base 5) in base 14?
-4b
134 (base 5) to base 6
112
What is 9 (base 14) in base 12?
9
Convert 3 (base 15) to base 5.
3
Convert -1000 (base 4) to base 8.
-100
What is 16 (base 7) in base 6?
21
3 (base 12) to base 11
3
What is 3 (base 15) in base 11?
3
10000010 (base 2) to base 6
334
Convert -1 (base 15) to base 12.
-1
What is -2 (base 6) in base 16?
-2
Convert -164 (base 11) to base 5.
-1231
-1d (base 14) to base 8
-33
What is b (base 14) in base 3?
102
Convert -23 (base 4) to base 9.
-12
Convert -45 (base 14) to base 11.
-56
Convert 2 (base 9) to base 2.
10
Convert 10001 (base 2) to base 15.
12
What is -2c (base 15) in base 10?
-42
-515 (base 7) to base 15
-122
What is 324 (base 7) in base 15?
b0
-2 (base 10) to base 8
-2
-34 (base 10) to base 3
-1021
Convert 16 (base 12) to base 4.
102
Convert 278 (base 9) to base 10.
233
What is -21 (base 10) in base 6?
-33
Convert 102 (base 4) to base 11.
17
-28 (base 9) to base 4
-122
Convert 16a (base 14) to base 3.
101202
Convert -211 (base 6) to base 7.
-142
Convert 0 (base 12) to base 4.
0
What is -6c (base 13) in base 12?
-76
-340 (base 7) to base 15
-ba
Convert 1 (base 5) to base 8.
1
What is c (base 16) in base 7?
15
What is b (base 13) in base 6?
15
Convert -160 (base 9) to base 13.
-a5
7 (base 15) to base 7
10
Convert -1c (base 15) to base 12.
-23
Convert -2a (base 15) to base 10.
-40
130 (base 4) to base 9
31
Convert -2 (base 8) to base 11.
-2
-b5 (base 14) to base 8
-237
What is 1 (base 2) in base 9?
1
Convert 11 (base 2) to base 14.
3
Convert 10 (base 10) to base 14.
a
-1c5 (base 14) to base 11
-306
Convert -b (base 15) to base 11.
-10
1b (base 15) to base 16
1a
What is 131 (base 5) in base 6?
105
What is -24 (base 12) in base 10?
-28
1 (base 15) to base 3
1
What is -4 (base 13) in base 12?
-4
-633 (base 7) to base 16
-13e
-11 (base 4) to base 12
-5
What is 12 (base 4) in base 16?
6
Convert 56 (base 9) to base 14.
39
What is -5 (base 11) in base 4?
-11
-51 (base 13) to base 15
-46
What is -1 (base 4) in base 5?
-1
10 (base 10) to base 7
13
Convert 59 (base 11) to base 5.
224
20 (base 3) to base 8
6
What is -5 (base 14) in base 3?
-12
What is -3 (base 13) in base 11?
-3
What is -47 (base 14) in base 11?
-58
156 (base 7) to base 12
76
Convert 3 (base 15) to base 5.
3
Convert 6 (base 13) to base 11.
6
What is -1 (base 11) in base 3?
-1
Convert 11 (base 4) to base 13.
5
-3 (base 13) to base 10
-3
What is 0 (base 6) in base 4?
0
-1 (base 2) to base 14
-1
Convert -43 (base 11) to base 4.
-233
Convert -3 (base 8) to base 5.
-3
Convert 311 (base 4) to base 2.
110101
What is -1001101 (base 2) in base 6?
-205
-15b (base 15) to base 16
-137
Convert -3 (base 7) to base 15.
-3
4 (base 16) to base 3
11
Convert -186 (base 11) to base 15.
-e5
Convert -c (base 13) to base 6.
-20
Convert -101010 (base 2) to base 13.
-33
-111 (base 2) to base 6
-11
Convert 2b (base 14) to base 8.
47
1 (base 7) to base 16
1
Convert -3 (base 5) to base 15.
-3
What is -2012 (base 4) in base 6?
-342
25 (base 10) to base 8
31
What is -2 (base 13) in base 8?
-2
-1 (base 3) to base 9
-1
0 (base 6) to base 7
0
10 (base 9) to base 3
100
What is 7 (base 9) in base 14?
7
What is 100001001 (base 2) in base 5?
2030
What is 23 (base 13) in base 6?
45
Convert -7 (base 8) to base 10.
-7
-163 (base 7) to base 16
-5e
Convert 40 (base 13) to base 14.
3a
What is 2 (base 4) in base 5?
2
-77 (base 8) to base 2
-111111
What is -20 (base 9) in base 14?
-14
Convert -2b (base 12) to base 3.
-1022
What is -121 (base 11) in base 5?
-1034
-11100100 (base 2) to base 14
-124
-10 (base 3) to base 5
-3
Convert -7a (base 15) to base 2.
-1110011
1 (base 16) to base 7
1
Convert 53 (base 14) to base 4.
1021
-8 (base 14) to base 15
-8
What is 4 (base 5) in base 10?
4
What is 5 (base 15) in base 13?
5
Convert 0 (base 15) to base 7.
0
8 (base 13) to base 2
1000
Convert -10112 (base 3) to base 13.
-74
16 (base 9) to base 3
120
-17a (base 15) to base 16
-154
Convert 63 (base 12) to base 5.
300
Convert -1300 (base 4) to base 3.
-11011
What is -4 (base 10) in base 12?
-4
What is 320 (base 9) in base 15?
126
What is -5 (base 14) in base 4?
-11
What is 1312 (base 5) in base 16?
cf
Convert 212 (base 5) to base 14.
41
Convert -12 (base 14) to base 6.
-24
-6 (base 11) to base 16
-6
Convert -24 (base 7) to base 9.
-20
-1011111 (base 2) to base 14
-6b
Convert -5 (base 9) to base 13.
-5
What is -31 (base 7) in base 10?
-22
Convert -2 (base 3) to base 6.
-2
Convert -2e (base 15) to base 10.
-44
-b (base 16) to base 4
-23
Convert -100 (base 2) to base 16.
-4
-4 (base 13) to base 5
-4
What is -431 (base 6) in base 3?
-20001
0 (base 3) to base 6
0
1 (base 11) to base 9
1
Convert -f (base 16) to base 7.
-21
What is 110111 (base 2) in base 7?
106
21 (base 3) to base 8
7
What is 2 (base 3) in base 9?
2
Convert -a (base 15) to base 11.
-a
What is 1 (base 13) in base 16?
1
What is 7c (base 13) in base 12?
87
Convert 3 (base 5) to base 4.
3
What is 1 (base 15) in base 2?
1
Convert 2 (base 3) to base 6.
2
Convert -13 (base 11) to base 12.
-12
Convert -44 (base 7) to base 5.
-112
Convert -1 (base 10) to base 14.
-1
What is -8 (base 10) in base 15?
-8
What is 45 (base 8) in base 9?
41
Convert 0 (base 3) to base 10.
0
21 (base 4) to base 6
13
1 (base 9) to base 2
1
What is 1443 (base 5) in base 14?
13a
What is -10 (base 6) in base 12?
-6
Convert 3 (base 14) to base 3.
10
1 (base 8) to base 12
1
What is -14 (base 14) in base 5?
-33
What is 261 (base 8) in base 4?
2301
-4 (base 9) to base 4
-10
Convert 1 (base 3) to base 5.
1
What is -15 (base 1